ors of z.
7
Suppose 0 = 4*a - 0*a - 148. List the prime factors of a.
37
Let j = -113 + 530. Suppose -3*d + j = 57. Suppose -h - 5*z + 12 = 0, 5*h - 5*z - d = -30. List the prime factors of h.
17
Let g(n) = -n**3 + 8*n**2 - 8*n + 1. Let t be g(7). Let j be 1/4 + 1/(-4). Let k = j - t. What are the prime factors of k?
2, 3
Let m(c) = -2 + 2 - 3 + 6*c. List the prime factors of m(2).
3
Let h be (1 + -1)/(4/2). Let x = -19 + 15. What are the prime factors of -4 - x - (-7 + h)?
7
Suppose 0 = 2*d - 4, 4*p - 3*d + 9 = 27. Let j be 0 + 0 + p/3. Let r = 5 - j. What are the prime factors of r?
3
Suppose 6*g - 197 - 103 = 0. List the prime factors of g.
2, 5
Let m(q) = -2*q - 3. Let i be m(-2). Let d(z) = -6*z**3 - z + 1. Let g be d(i). What are the prime factors of -14*(27/g)/3?
3, 7
Suppose 2*c - 3 = 1. Let y = c - 2. Suppose 15 = -y*m + 3*m. List the prime factors of m.
5
Let g(w) = w**2 + 2*w. Let i be g(2). Let c(p) = -4 - i*p + 0 + 3. List the prime factors of c(-1).
7
Suppose 5*m - 123 = -r, 5*m - 5*r + 2 = 107. Let a = m + -16. What are the prime factors of a?
2
Let l(d) = 4*d**2 - 2*d - 3. What are the prime factors of l(3)?
3
Suppose 4*l = 2*t - 14, 3*t - t + 5*l - 14 = 0. Let n = -2 + t. Suppose 0 = -n*x - y - 3*y + 95, 2*x + 2*y = 38. List the prime factors of x.
19
Let a = -99 + 171. List the prime factors of a.
2, 3
Suppose 0 = 4*b - 15 + 3, f - 191 = 3*b. What are the prime factors of f?
2, 5
Let w(u) = -74*u + 2. List the prime factors of w(-3).
2, 7
Suppose -x - 2*x + 15 = 0. Suppose 70 = x*a - 10. List the prime factors of a.
2
List the prime factors of (7/(-21))/((-2)/462).
7, 11
Let j(r) = -4 - 45*r - r**2 + 24 + 46*r. List the prime factors of j(0).
2, 5
Let h(n) = n**2 - 2*n - 4. Suppose z = -2*p - 1, 0 = z + 4*p + 9 - 4. Let y be h(z). Let k = 4 + y. List the prime factors of k.
3
Let h(k) = 301*k**3 + 2*k**2 - k. What are the prime factors of h(1)?
2, 151
Let z be (-22)/(4/2)*1. Suppose -2*j - 22 = -3*j. Let t = j + z. List the prime factors of t.
11
Let v(g) = 2*g**2 - 6*g. Let p(a) be the third derivative of -a**4/6 - 2*a**2. Let q be p(-1). What are the prime factors of v(q)?
2
Let s = -365 - -597. Suppose l = -3*l + s. List the prime factors of l.
2, 29
What are the prime factors of 3*(-4)/8*-6?
3
Suppose 2*x - 154 - 82 = 0. List the prime factors of x.
2, 59
Let o(j) = -j. Let m be o(-5). Suppose 0*s - 25 = -m*s. Let t = s - 3. What are the prime factors of t?
2
Let a = 13 - -5. What are the prime factors of a?
2, 3
Let x = -10 + 14. Suppose 5*m = x*m + 27. Let i = m - 17. What are the prime factors of i?
2, 5
Let g = 0 - -4. Suppose g*b + b - 50 = -5*x, -3*b + 25 = 2*x. Suppose b*r = 0, -4*r = -d - d + 12. What are the prime factors of d?
2, 3
Let i(f) = -12 - f + 8*f - f. What are the prime factors of i(10)?
2, 3
Suppose 7 = -3*l - 5*b - 1, -2*l + 1 = -3*b. Let p be 1*l/((-3)/(-69)). Let m = p - -39. What are the prime factors of m?
2
Let v(o) be the third derivative of 0 + 0*o - 1/12*o**4 - 5/6*o**3 - 3*o**2. List the prime factors of v(-8).
11
Let q(w) = 2*w + 6. Let g be q(-7). Let d = g - -29. What are the prime factors of d?
3, 7
Let d(v) = -2*v + 4. Suppose 3*j - 12 = -0*j. Let m be d(j). What are the prime factors of (-52)/m + 1*2?
3, 5
Suppose 0*h - 8*h + 1352 = 0. List the prime factors of h.
13
Let m(p) be the first derivative of -p**3/3 + p**2/2 + 23*p - 2. List the prime factors of m(0).
23
Suppose 2 = 4*k - 2. What are the prime factors of (-70)/(-5) - (-4 + k)?
17
Let p(o) = -3*o + 1. Let w = 2 - 3. What are the prime factors of p(w)?
2
Suppose 61 = 5*l + 3*y - 415, 2*y + 200 = 2*l. List the prime factors of l.
97
Let l = -50 - -71. List the prime factors of (-1 + 5)*l/6.
2, 7
Suppose 3*k - k + 18 = 0. Let s = 6 + k. List the prime factors of (-2)/((9/6)/s).
2
Suppose 5*i + 5*n - 85 = 0, 3*n - 6 = i - 3. What are the prime factors of i?
2, 3
What are the prime factors of (-223)/(-1) - (-10 - -12)?
13, 17
Suppose 0 = 3*l + 15, 0 = 4*v - l - 109 + 12. What are the prime factors of v?
23
Let q(u) be the first derivative of -u**4/4 - u**3/3 - 3*u - 6. What are the prime factors of q(-3)?
3, 5
Suppose -61 = -3*z + 32. List the prime factors of z.
31
Let h(r) be the second derivative of r**4/12 + r**3/2 + r**2 + r. Let p be h(-7). Suppose -p = -4*x + 18. What are the prime factors of x?
2, 3
Suppose -3*r + 4 + 5 = 0. What are the prime factors of (2 + r - 0) + -2?
3
Let d be (-1)/(-1) - (-3 + -11). Suppose -4*u = u - d. What are the prime factors of u?
3
Suppose 5*q - 150 = -5*n, q = 2*n - 7*n + 26. What are the prime factors of q?
31
Let t = 335 + -138. List the prime factors of t.
197
Suppose 15 = 6*z - z. Suppose 2*w = z*w - 37. List the prime factors of w.
37
Suppose -3*t = -2*k, -2*t - 5*k + 0*k = 0. Suppose t = -3*v + 30 - 0. List the prime factors of v.
2, 5
Suppose 4*l - 1386 = -3*l. What are the prime factors of l?
2, 3, 11
Let o(p) = p**2 + 5*p - 6. Let d be o(-6). Let n = 5 - 1. Suppose 2*i - n = -d*i. What are the prime factors of i?
2
Suppose 0*c = c + 4. Suppose 5*w - 91 = 2*q - q, -4*q = -16. Let j = w + c. What are the prime factors of j?
3, 5
Suppose 2*y = 8 + 4. Suppose -18 = -y*r + 3*r. Suppose 0 = 5*o - 11*v + r*v - 5, -8 = -3*o - 2*v. List the prime factors of o.
2
Suppose 0*i = -3*i + 27. Let u(d) = -8*d**3 + 7*d**3 - 2*d**2 + 2 + i + 13*d**2. List the prime factors of u(11).
11
Suppose g + 1 - 11 = 0. List the prime factors of 92/5 + (-4)/g.
2, 3
Let l(k) be the first derivative of -k**2/2 + 7*k - 1. What are the prime factors of l(5)?
2
Let k be -5*((-18)/15)/(-3). Let x = 0 - k. List the prime factors of 16/12*x*3.
2
Let i = 79 - 42. What are the prime factors of i?
37
Let f be 17/(-3)*-3 + -3. Suppose 3*k + f = -w + 36, 0 = k - 5*w - 18. List the prime factors of k.
2
Suppose 0 = 6*c - 2*c - 20. Suppose 4*n = 5*d + 25, 0*n = -c*n - d + 24. Suppose -n*b = -38 + 8. List the prime factors of b.
2, 3
List the prime factors of 4 - 3/6*4.
2
Let r(o) = o**3 - 24*o**2 + 26*o - 32. What are the prime factors of r(23)?
37
Suppose 7*k = 2*k - 75. Let a = -10 - k. List the prime factors of a.
5
Suppose 3*c - d + 3*d - 25 = 0, -4*d + 22 = 2*c. List the prime factors of c.
7
Let w(s) = -s**2 + 4*s + 7. Let f(c) be the first derivative of -2*c**3/3 + 4*c**2 + 15*c + 1. Let n(t) = -4*f(t) + 9*w(t). List the prime factors of n(4).
3
Let n(g) = g**3 + 17. Let u(r) = r**2 + 3*r + 2. Let q be u(-2). Let i be n(q). Suppose 0 = 3*y - 19 - i. List the prime factors of y.
2, 3
Let g = 8 - 8. Let x be 216/28 - (-4)/14. Let t = x + g. List the prime factors of t.
2
Suppose 2*w = 3*w + 2*h - 30, 2*w - h = 60. List the prime factors of w.
2, 3, 5
Suppose -2*k + k + 15 = 2*u, -k = -4*u + 45. Suppose t - 4*z - 43 = 0, u*t - 143 = 5*t - 4*z. What are the prime factors of t?
31
Suppose 0 = 4*w, -w = -4*f - 2*w + 16. Let k(d) = f*d - 4 + 5*d - 5*d + 3. What are the prime factors of k(5)?
19
Suppose -12 = 4*q, j - 2*j + 3*q + 46 = 0. What are the prime factors of j?
37
Suppose 5*u + 15 = -4*b - 16, 0 = 2*u - 10. What are the prime factors of 5*b/((-8)/4)?
5, 7
Let f = 5 + -3. Suppose 2*b + 2*q = -b + 22, -f*q + 18 = 2*b. Suppose -2*d - b*c - 4 = -4*d, -2*d = -2*c - 10. What are the prime factors of d?
2
Let h(w) = -w**2 + 4. Let q be h(4). Let t = 23 + q. List the prime factors of t.
11
Suppose -136 = -4*n + 3*k, 4*n - 132 = -k + 3*k. List the prime factors of n.
31
Let c(s) = 4*s + 8. Let g(x) = -x. Let p(b) = -c(b) - 5*g(b). Let h be p(5). What are the prime factors of 1/h + 75/9?
2
Let f = 2 - 2. Suppose f = -3*v - 0 + 24. List the prime factors of v.
2
Let p(u) = 4*u**3 - 7*u**2 + 2*u - 3. Let n(a) = 9*a**3 - 15*a**2 + 3*a - 6. Let m(h) = -3*n(h) + 7*p(h). What are the prime factors of m(3)?
3
Suppose 5*k + 2 = -3. Let a = k - 0. List the prime factors of 1 + -2 + (2 - a).
2
Let p(t) = t + 6. Let l be p(-5). Suppose -3*f = h - l - 14, 4*h - 25 = -5*f. List the prime factors of f.
5
Suppose 2*g = -0*g + 20. Suppose g = 3*l - 11. List the prime factors of l.
7
Suppose 23 = 2*g - 17. Suppose 2*q + 18 = 4*b, 4*q + g = 3*b + b. List the prime factors of (4/6)/(q/(-15)).
2, 5
Let m(r) = -32*r - 10. List the prime factors of m(-3).
2, 43
Suppose -15 = -j - 0*j + 3*l, -4*j + 2*l + 20 = 0. Suppose -2*p - j*p = 35. Let y = 